**3 + y**2 - 2*y. Calculate the remainder when 73 is divided by x(1).
16
Suppose 22*k - 27*k + 200 = 0. Calculate the remainder when k is divided by 6.
4
Suppose 1 = g, -3*g = -4*m + m - 57. What is the remainder when (-1)/3 - 402/m is divided by 6?
4
Let j(h) = 2*h**3 - 9*h**2 + 9*h - 3. Let k be j(6). Suppose 0*m = 2*m + 6, 0 = 4*t - 5*m - k. Calculate the remainder when t is divided by 19.
17
Let b = -13 - -24. What is the remainder when 76 is divided by b?
10
Suppose 3*i + 2*n = 4*n + 1, -2*i + n + 1 = 0. Suppose -3 = x, 3*x + 3 = -3*o - 0*x. Calculate the remainder when o is divided by i.
0
Suppose 3*n - 5 = 10. Suppose v = 5 + n. Let m = 55 + -17. Calculate the remainder when m is divided by v.
8
Suppose -q + 18 = -7. Let t = -9 + q. Let k(g) = -g + 22. What is the remainder when k(-8) is divided by t?
14
Let c = 27 - -21. What is the remainder when c is divided by 10?
8
Suppose 84 = -4*f + 7*f. Calculate the remainder when f is divided by 16.
12
Let r(s) = -5*s - 3. What is the remainder when r(-1) is divided by 2?
0
Let c = -15 - -37. What is the remainder when c is divided by 5?
2
Suppose 0 = 8*o - 65 - 71. What is the remainder when 28 is divided by o?
11
Let m = 5 - 2. Suppose -1 = -m*o - 13. Calculate the remainder when 13*(-5)/(10/o) is divided by 14.
12
Let b(a) = -5*a - 34. What is the remainder when b(-15) is divided by 22?
19
Let i(k) = k**2 - 12*k + 14. Let u be i(11). Suppose -l = u*s - 29, -s = 4*l + 4*s - 88. Calculate the remainder when l is divided by 5.
2
What is the remainder when (-2)/(-18) - (3203/(-9) + -2) is divided by 60?
58
Let y(t) = -t**3 - 6*t**2 + 11*t + 3. What is the remainder when y(-8) is divided by 22?
21
Let g be (2/6)/(3/18). Suppose 1 = -x - g. What is the remainder when 27 is divided by -2 + 24*(-2)/x?
13
Suppose 3*n + 0*f = 4*f + 62, 0 = 4*n - 5*f - 82. What is the remainder when 52 is divided by n?
16
Let m = 100 - 68. Let b(n) = n**2 + n - 2. Let o be b(2). Calculate the remainder when m is divided by 2/8 - (-43)/o.
10
Let i(s) = 6*s**2 + 2*s + 2. Calculate the remainder when i(3) is divided by 16.
14
Suppose -3*t + 51 = -0*t. What is the remainder when t is divided by 9?
8
Let q(r) = -4 + 13*r**2 + 3 + 14*r**2. What is the remainder when q(1) is divided by 7?
5
Let q(k) = k**3 - 10*k**2 - 10*k + 12. What is the remainder when q(11) is divided by 4?
3
Suppose -4*x - 10 = 5*r, 5*x + 26 = 3*r - 5. Let d = r + 12. Calculate the remainder when ((-26)/(-4))/(5/20) is divided by d.
12
Let d = 13 + 31. Let h(u) = u + 9. Let f be h(-9). Suppose f = -4*x + 44 + 16. Calculate the remainder when d is divided by x.
14
Let n be 21*1 - (-3 + 0). What is the remainder when 464/n + (-1)/3 is divided by 10?
9
Let d(p) = 2*p - 3*p + 0*p. Suppose 2*c + 5 = 1. What is the remainder when 2 is divided by d(c)?
0
Suppose 5*c - 31 = -106. Calculate the remainder when 36 is divided by c/5 - (-32)/2.
10
Let d be (-2 - 21)/(3/(-6)). Let t = -27 + d. Let b = -6 + t. Calculate the remainder when 24 is divided by b.
11
Suppose -3*t + 3 = -27. Calculate the remainder when 13 is divided by 15/2 + (-5)/t.
6
Let h = 67 + -14. Calculate the remainder when h is divided by (-12)/(1 + (-5)/3).
17
Let a = -23 + 34. What is the remainder when 19 is divided by a?
8
Suppose 2*k = 5*o - 15, 11*k = 6*k + 25. Suppose 0 = 3*t + o*u - 47, -39 - 16 = -4*t + u. Let b(i) = 5*i. Calculate the remainder when t is divided by b(1).
4
Suppose -z + 64 = 4*c, c - 80 = -4*c - z. Calculate the remainder when c is divided by (5/15)/((-1)/(-27)).
7
Let z = 5 + -2. What is the remainder when 30 is divided by (-2 + (-42)/z)/(-1)?
14
Let j = -2 + -2. Let h = j + 0. What is the remainder when 2 is divided by (-5)/(-15) + h/(-6)?
0
Calculate the remainder when 27 is divided by (4/8)/((-1)/(-14)).
6
Suppose -b = -2*k + 40, k + 3*b = 2*b + 23. Calculate the remainder when k is divided by 5.
1
Calculate the remainder when 0 + (1 - -1) + 47 is divided by (-1 - -18)/(2/2).
15
Let g be 1*(2 - 3) - 1. What is the remainder when 41/3 + g/3 is divided by 4?
1
Let r = -2 + 264. Suppose -2*z - 4*t + 146 = z, -5*z - 2*t + r = 0. Calculate the remainder when z is divided by 19.
16
Let m(l) = -l + 39. Let u be m(0). What is the remainder when 3 is divided by (-6)/u - (-56)/26?
1
Suppose 24 = r + 3*h, -3*r + 32 = h - 8. What is the remainder when r is divided by 8?
4
Suppose -2*x = -6*p + 2*p - 44, -3*p - 54 = -3*x. What is the remainder when 151 is divided by x?
11
Suppose -5*m + 2*b = -285, -3*m - b = -4*m + 57. Let s = m + -29. What is the remainder when s is divided by 15?
13
Let s(l) = -7*l - 2. Calculate the remainder when s(-4) is divided by 15.
11
Let i(h) = h**3 + 2*h**2 - 5*h - 2. Let x be (13 - (-4)/(-2)) + -2. Suppose -2*s + x = 5*j + 26, j + 1 = 2*s. What is the remainder when 6 is divided by i(j)?
2
What is the remainder when 15 is divided by (8/(-12))/((-1)/9)?
3
Suppose 3*d = -d + 144. What is the remainder when 5/(15/d) - -3 is divided by 9?
6
Let c be (-116)/(-14) - 8/28. Suppose -6 = -2*n + c. Suppose -5*x - x = -72. What is the remainder when x is divided by n?
5
Suppose -2*i + 3*i + 44 = 5*s, -3*s + 5*i = -44. Let j be (-30)/(-8) - (-2)/s. What is the remainder when -2*1 + 20/j is divided by 2?
1
Let a(g) = g**2 - 10*g + 28. Calculate the remainder when a(9) is divided by 6.
1
Let t be 1*(-2)/(-2)*3. Suppose 0 = -t*j + 8*j - 255. Suppose 2*a - 1 = j. What is the remainder when a is divided by 9?
8
Let f = -5 + 7. Suppose -f*n - 5 + 9 = 0. Calculate the remainder when 8 is divided by n.
0
Let v(r) = -r**2 + 9*r - 4. Let y(x) = -3*x**2 + 26*x - 12. Let f(b) = 17*v(b) - 6*y(b). Calculate the remainder when 9 is divided by f(3).
1
Suppose -3*u = -2*s + 4*s - 18, s = 2*u - 5. Suppose -3*f + 0*r = -r - 7, -5*r + 19 = s*f. What is the remainder when f is divided by 2?
1
Suppose -2*f + 390 = 4*f. What is the remainder when f is divided by 17?
14
Suppose -1 = -a + 9. Calculate the remainder when 67 is divided by a.
7
Let d = -38 - -50. Let x(t) = 2*t**2 - 4*t + 6. Calculate the remainder when x(4) is divided by d.
10
Suppose -i + 17 = -13. Suppose 3*j = 15 + i. Suppose 5*n - 60 = -5*g, 3*n = -g - 1 + j. What is the remainder when 41 is divided by g?
8
Let z(y) = 2*y**2 - 12*y. Suppose 0 = -k + 3, 40 = m + 3*m + 4*k. What is the remainder when 26 is divided by z(m)?
12
Suppose -3*q + 22 = -q + 3*k, -q = -4*k - 11. Let g = q - 5. Calculate the remainder when g is divided by 2.
0
Suppose 35 = -2*y + 3*y. Calculate the remainder when y is divided by 19.
16
Let z(h) = 11*h**3 + h**2. Let a = 29 - 19. Let c = a - 5. What is the remainder when z(1) is divided by c?
2
Suppose 2*w = m + 11, 3*m + 2*w - 13 = -6. Calculate the remainder when (-429)/(-24) - (-5)/40 is divided by m*1*(1 - 11).
8
Let d be 11/((-22)/(-300))*1. Let i = d + -98. Calculate the remainder when i is divided by 18.
16
Let a be 6/15 + (-42)/5. Let u be (16 - -4)/2 + -1. Let m = a + u. What is the remainder when 2 is divided by m?
0
Suppose -2*t + 8 = 2*u - 0*u, 16 = -3*t + 4*u. Suppose 48 = 7*s - 36. What is the remainder when t - (-36 + (-1)/(-1)) is divided by s?
11
What is the remainder when 3472/35 + 1/(-5) is divided by 34?
31
Let q be 3*4/(-8)*2. Let z = 22 - q. What is the remainder when 48 is divided by z?
23
Let t be -1*(2 + (-4)/2). Suppose -3*l + l + 16 = t. What is the remainder when 12 is divided by l?
4
Suppose -3*h = -5*h. Let d(r) = r - 3. Let j be d(5). Calculate the remainder when 11 is divided by (h - (-12)/j)/2.
2
Suppose 0 = q, 0*s + 4*s = -5*q + 44. Let d be 4/(-6) + (-28)/(-6). Let o(z) = -z**3 + 5*z**2 - 4*z + 4. Calculate the remainder when s is divided by o(d).
3
Suppose -15*n + 12*n = -102. Let h be 4/(-10)*(2 - 22). What is the remainder when n is divided by (6/h)/(2/48)?
16
Suppose 2*b - 111 = -5*h, -h - 2*b + 11 = -16. Calculate the remainder when 207 is divided by h.
18
Suppose 12*u = 10*u + 12. Let y(v) = -v**3 - 6*v**2 - 2*v + 3. What is the remainder when y(-6) is divided by u?
3
Let b(n) = -n**3 + 9*n**2 - 15*n - 4. Calculate the remainder when 72 is divided by b(5).
9
Suppose -28 = -2*a - z - 126, 2*a + 4*z = -98. Suppose -s + 3*l + 12 = -46, s + 2*l = 83. Let x = s + a. What is the remainder when x is divided by 13?
11
Suppose -18 = -2*j + 2. Calculate the remai